{"id":10,"date":"2022-05-06T13:06:08","date_gmt":"2022-05-06T18:06:08","guid":{"rendered":"https:\/\/acmeleon.com\/catalogosenlinea\/?page_id=10"},"modified":"2022-06-07T10:31:33","modified_gmt":"2022-06-07T15:31:33","slug":"catalogos-en-linea","status":"publish","type":"page","link":"https:\/\/acmeleon.com\/catalogosenlinea\/","title":{"rendered":"Catalogos en Linea"},"content":{"rendered":"<p>[et_pb_section fb_built=\u00bb1&#8243; _builder_version=\u00bb4.17.4&#8243; _module_preset=\u00bbdefault\u00bb background_color=\u00bb#E02B20&#8243; module_alignment=\u00bbcenter\u00bb height=\u00bb150px\u00bb custom_margin=\u00bb0px||0px||true|false\u00bb custom_padding=\u00bb20px||20px||true|false\u00bb box_shadow_style=\u00bbpreset3&#8243; global_colors_info=\u00bb{}\u00bb][et_pb_row _builder_version=\u00bb4.17.4&#8243; _module_preset=\u00bbdefault\u00bb global_colors_info=\u00bb{}\u00bb][et_pb_column type=\u00bb4_4&#8243; _builder_version=\u00bb4.17.4&#8243; _module_preset=\u00bbdefault\u00bb global_colors_info=\u00bb{}\u00bb][et_pb_text _builder_version=\u00bb4.17.4&#8243; _module_preset=\u00bbdefault\u00bb header_text_align=\u00bbcenter\u00bb header_text_color=\u00bb#FFFFFF\u00bb header_font_size=\u00bb40px\u00bb global_colors_info=\u00bb{}\u00bb]<\/p>\n<h1>Cat\u00e1logos en L\u00ednea<\/h1>\n<p>[\/et_pb_text][\/et_pb_column][\/et_pb_row][\/et_pb_section][et_pb_section fb_built=\u00bb1&#8243; _builder_version=\u00bb4.17.4&#8243; _module_preset=\u00bbdefault\u00bb global_colors_info=\u00bb{}\u00bb][et_pb_row column_structure=\u00bb1_3,1_3,1_3&#8243; _builder_version=\u00bb4.17.4&#8243; _module_preset=\u00bbdefault\u00bb global_colors_info=\u00bb{}\u00bb][et_pb_column type=\u00bb1_3&#8243; _builder_version=\u00bb4.17.4&#8243; _module_preset=\u00bbdefault\u00bb global_colors_info=\u00bb{}\u00bb][et_pb_blurb title=\u00bbSe\u00f1alizaci\u00f3n Comercial\u00bb url=\u00bb\/catalogosenlinea\/senalizacion-comercial\/\u00bb url_new_window=\u00bbon\u00bb image=\u00bbhttps:\/\/acmeleon.com\/catalogosenlinea\/wp-content\/uploads\/2022\/06\/01-senalizacion-comercial-mini.jpg\u00bb _builder_version=\u00bb4.17.4&#8243; _module_preset=\u00bbdefault\u00bb header_text_align=\u00bbcenter\u00bb header_font_size=\u00bb22px\u00bb text_orientation=\u00bbcenter\u00bb link_option_url=\u00bb\/catalogosenlinea\/senalizacion-comercial\/\u00bb link_option_url_new_window=\u00bbon\u00bb global_colors_info=\u00bb{}\u00bb header_text_color__hover_enabled=\u00bbon|hover\u00bb header_text_color__hover=\u00bb#E02B20&#8243; transform_styles__hover_enabled=\u00bbon|hover\u00bb transform_scale__hover_enabled=\u00bbon|hover\u00bb transform_translate__hover_enabled=\u00bbon|desktop\u00bb transform_rotate__hover_enabled=\u00bbon|desktop\u00bb transform_skew__hover_enabled=\u00bbon|desktop\u00bb transform_origin__hover_enabled=\u00bbon|desktop\u00bb transform_scale__hover=\u00bb101%|101%\u00bb][\/et_pb_blurb][\/et_pb_column][et_pb_column type=\u00bb1_3&#8243; _builder_version=\u00bb4.17.4&#8243; _module_preset=\u00bbdefault\u00bb global_colors_info=\u00bb{}\u00bb][et_pb_blurb title=\u00bbSector El\u00e9ctrico\u00bb url=\u00bb\/catalogosenlinea\/sector-electrico\/\u00bb url_new_window=\u00bbon\u00bb image=\u00bbhttps:\/\/acmeleon.com\/catalogosenlinea\/wp-content\/uploads\/2022\/06\/02-Sector-Electrico-mini.jpg\u00bb _builder_version=\u00bb4.17.4&#8243; _module_preset=\u00bbdefault\u00bb header_text_align=\u00bbcenter\u00bb header_font_size=\u00bb22px\u00bb text_orientation=\u00bbcenter\u00bb link_option_url=\u00bb\/catalogosenlinea\/sector-electrico\/\u00bb link_option_url_new_window=\u00bbon\u00bb global_colors_info=\u00bb{}\u00bb header_text_color__hover_enabled=\u00bbon|hover\u00bb header_text_color__hover=\u00bb#E02B20&#8243; transform_styles__hover_enabled=\u00bbon|hover\u00bb transform_scale__hover=\u00bb101%|101%\u00bb transform_scale__hover_enabled=\u00bbon|hover\u00bb transform_translate__hover_enabled=\u00bbon|desktop\u00bb transform_rotate__hover_enabled=\u00bbon|desktop\u00bb transform_skew__hover_enabled=\u00bbon|desktop\u00bb transform_origin__hover_enabled=\u00bbon|desktop\u00bb][\/et_pb_blurb][\/et_pb_column][et_pb_column type=\u00bb1_3&#8243; _builder_version=\u00bb4.17.4&#8243; _module_preset=\u00bbdefault\u00bb global_colors_info=\u00bb{}\u00bb][et_pb_blurb title=\u00bbPerfiles  Carpinter\u00eda Pl\u00e1stica y Construcci\u00f3n\u00bb url=\u00bb\/catalogosenlinea\/perfiles-de-carpinteria-de-plastico-y-construccion\/\u00bb url_new_window=\u00bbon\u00bb image=\u00bbhttps:\/\/acmeleon.com\/catalogosenlinea\/wp-content\/uploads\/2022\/06\/03-Carpinteriamini.jpg\u00bb _builder_version=\u00bb4.17.4&#8243; _module_preset=\u00bbdefault\u00bb header_text_align=\u00bbcenter\u00bb header_font_size=\u00bb22px\u00bb text_orientation=\u00bbcenter\u00bb link_option_url=\u00bb\/catalogosenlinea\/perfiles-de-carpinteria-de-plastico-y-construccion\/\u00bb link_option_url_new_window=\u00bbon\u00bb global_colors_info=\u00bb{}\u00bb header_text_color__hover_enabled=\u00bbon|hover\u00bb header_text_color__hover=\u00bb#E02B20&#8243; transform_styles__hover_enabled=\u00bbon|hover\u00bb transform_scale__hover=\u00bb101%|101%\u00bb transform_scale__hover_enabled=\u00bbon|hover\u00bb transform_translate__hover_enabled=\u00bbon|desktop\u00bb transform_rotate__hover_enabled=\u00bbon|desktop\u00bb transform_skew__hover_enabled=\u00bbon|desktop\u00bb transform_origin__hover_enabled=\u00bbon|desktop\u00bb][\/et_pb_blurb][\/et_pb_column][\/et_pb_row][et_pb_row column_structure=\u00bb1_2,1_2&#8243; _builder_version=\u00bb4.17.4&#8243; _module_preset=\u00bbdefault\u00bb module_alignment=\u00bbcenter\u00bb hover_enabled=\u00bb0&#8243; global_colors_info=\u00bb{}\u00bb sticky_enabled=\u00bb0&#8243;][et_pb_column type=\u00bb1_2&#8243; _builder_version=\u00bb4.17.4&#8243; _module_preset=\u00bbdefault\u00bb hover_enabled=\u00bb0&#8243; global_colors_info=\u00bb{}\u00bb custom_padding=\u00bb|0px|||false|false\u00bb sticky_enabled=\u00bb0&#8243;][et_pb_blurb title=\u00bbProductos Desechables\u00bb url=\u00bb\/catalogosenlinea\/productos-desechables\/\u00bb url_new_window=\u00bbon\u00bb image=\u00bbhttps:\/\/acmeleon.com\/catalogosenlinea\/wp-content\/uploads\/2022\/06\/05-Desechables-mini.jpg\u00bb _builder_version=\u00bb4.17.4&#8243; _module_preset=\u00bbdefault\u00bb header_text_align=\u00bbcenter\u00bb header_font_size=\u00bb22px\u00bb text_orientation=\u00bbcenter\u00bb link_option_url=\u00bb\/catalogosenlinea\/productos-desechables\/\u00bb link_option_url_new_window=\u00bbon\u00bb hover_enabled=\u00bb0&#8243; global_colors_info=\u00bb{}\u00bb header_text_color__hover_enabled=\u00bbon|hover\u00bb header_text_color__hover=\u00bb#E02B20&#8243; transform_styles__hover_enabled=\u00bbon|hover\u00bb transform_scale__hover=\u00bb101%|101%\u00bb transform_scale__hover_enabled=\u00bbon|hover\u00bb transform_translate__hover_enabled=\u00bbon|desktop\u00bb transform_rotate__hover_enabled=\u00bbon|desktop\u00bb transform_skew__hover_enabled=\u00bbon|desktop\u00bb transform_origin__hover_enabled=\u00bbon|desktop\u00bb module_alignment=\u00bbright\u00bb sticky_enabled=\u00bb0&#8243;][\/et_pb_blurb][\/et_pb_column][et_pb_column type=\u00bb1_2&#8243; _builder_version=\u00bb4.17.4&#8243; _module_preset=\u00bbdefault\u00bb hover_enabled=\u00bb0&#8243; global_colors_info=\u00bb{}\u00bb custom_padding=\u00bb|||0px|false|false\u00bb sticky_enabled=\u00bb0&#8243;][et_pb_blurb title=\u00bbNuevos Productos\u00bb url=\u00bb\/catalogosenlinea\/nuevos-productos\/\u00bb url_new_window=\u00bbon\u00bb image=\u00bbhttps:\/\/acmeleon.com\/catalogosenlinea\/wp-content\/uploads\/2022\/06\/04-Productos-Nuevos-mini.jpg\u00bb _builder_version=\u00bb4.17.4&#8243; _module_preset=\u00bbdefault\u00bb header_text_align=\u00bbcenter\u00bb header_font_size=\u00bb22px\u00bb text_orientation=\u00bbcenter\u00bb link_option_url=\u00bb\/catalogosenlinea\/nuevos-productos\/\u00bb link_option_url_new_window=\u00bbon\u00bb hover_enabled=\u00bb0&#8243; global_colors_info=\u00bb{}\u00bb header_text_color__hover_enabled=\u00bbon|hover\u00bb header_text_color__hover=\u00bb#E02B20&#8243; transform_styles__hover_enabled=\u00bbon|hover\u00bb transform_scale__hover=\u00bb101%|101%\u00bb transform_scale__hover_enabled=\u00bbon|hover\u00bb transform_translate__hover_enabled=\u00bbon|desktop\u00bb transform_rotate__hover_enabled=\u00bbon|desktop\u00bb transform_skew__hover_enabled=\u00bbon|desktop\u00bb transform_origin__hover_enabled=\u00bbon|desktop\u00bb module_alignment=\u00bbleft\u00bb sticky_enabled=\u00bb0&#8243;][\/et_pb_blurb][\/et_pb_column][\/et_pb_row][et_pb_row _builder_version=\u00bb4.17.4&#8243; _module_preset=\u00bbdefault\u00bb custom_margin=\u00bb||0px||false|false\u00bb custom_padding=\u00bb||0px||false|false\u00bb global_colors_info=\u00bb{}\u00bb][et_pb_column type=\u00bb4_4&#8243; _builder_version=\u00bb4.17.4&#8243; _module_preset=\u00bbdefault\u00bb global_colors_info=\u00bb{}\u00bb][et_pb_divider color=\u00bb#E02B20&#8243; divider_position=\u00bbcenter\u00bb divider_weight=\u00bb3px\u00bb _builder_version=\u00bb4.17.4&#8243; _module_preset=\u00bbdefault\u00bb module_alignment=\u00bbcenter\u00bb global_colors_info=\u00bb{}\u00bb][\/et_pb_divider][\/et_pb_column][\/et_pb_row][\/et_pb_section][et_pb_section fb_built=\u00bb1&#8243; _builder_version=\u00bb4.17.4&#8243; _module_preset=\u00bbdefault\u00bb custom_margin=\u00bb0px||||false|false\u00bb custom_padding=\u00bb0px||||false|false\u00bb global_colors_info=\u00bb{}\u00bb][et_pb_row _builder_version=\u00bb4.17.4&#8243; _module_preset=\u00bbdefault\u00bb global_colors_info=\u00bb{}\u00bb][et_pb_column type=\u00bb4_4&#8243; _builder_version=\u00bb4.17.4&#8243; _module_preset=\u00bbdefault\u00bb global_colors_info=\u00bb{}\u00bb][et_pb_button button_url=\u00bbhttps:\/\/www.acmeleon.com\/contacto\/\u00bb button_text=\u00bbCont\u00e1ctenos\u00bb button_alignment=\u00bbcenter\u00bb _builder_version=\u00bb4.17.4&#8243; _module_preset=\u00bbdefault\u00bb custom_button=\u00bbon\u00bb button_text_color=\u00bb#E02B20&#8243; button_border_color=\u00bb#E02B20&#8243; global_colors_info=\u00bb{}\u00bb][\/et_pb_button][\/et_pb_column][\/et_pb_row][\/et_pb_section]<\/p>\n","protected":false},"excerpt":{"rendered":"<p>Cat\u00e1logos en L\u00ednea<\/p>\n","protected":false},"author":1,"featured_media":0,"parent":0,"menu_order":0,"comment_status":"closed","ping_status":"closed","template":"","meta":{"_et_pb_use_builder":"on","_et_pb_old_content":"","_et_gb_content_width":"","footnotes":""},"class_list":["post-10","page","type-page","status-publish","hentry"],"yoast_head":"<!-- This site is optimized with the Yoast SEO Premium plugin v18.5 (Yoast SEO v27.4) - https:\/\/yoast.com\/product\/yoast-seo-premium-wordpress\/ -->\n<title>Catalogos en Linea - Catalogos en Li\u00adnea Acme Leon Plasticos<\/title>\n<meta name=\"robots\" content=\"index, follow, max-snippet:-1, max-image-preview:large, max-video-preview:-1\" \/>\n<link rel=\"canonical\" href=\"https:\/\/acmeleon.com\/catalogosenlinea\/\" \/>\n<meta property=\"og:locale\" content=\"es_ES\" \/>\n<meta property=\"og:type\" content=\"article\" \/>\n<meta property=\"og:title\" content=\"Catalogos en Linea\" \/>\n<meta property=\"og:description\" content=\"Cat\u00e1logos en L\u00ednea\" \/>\n<meta property=\"og:url\" content=\"https:\/\/acmeleon.com\/catalogosenlinea\/\" \/>\n<meta property=\"og:site_name\" content=\"Catalogos en Li\u00adnea Acme Leon Plasticos\" \/>\n<meta property=\"article:publisher\" content=\"https:\/\/www.facebook.com\/acmeleon\" \/>\n<meta property=\"article:modified_time\" content=\"2022-06-07T15:31:33+00:00\" \/>\n<meta name=\"twitter:card\" content=\"summary_large_image\" \/>\n<meta name=\"twitter:site\" content=\"@acmeleoncol\" \/>\n<meta name=\"twitter:label1\" content=\"Tiempo de lectura\" \/>\n\t<meta name=\"twitter:data1\" content=\"5 minutos\" \/>\n<script type=\"application\/ld+json\" class=\"yoast-schema-graph\">{\"@context\":\"https:\\\/\\\/schema.org\",\"@graph\":[{\"@type\":\"WebPage\",\"@id\":\"https:\\\/\\\/acmeleon.com\\\/catalogosenlinea\\\/\",\"url\":\"https:\\\/\\\/acmeleon.com\\\/catalogosenlinea\\\/\",\"name\":\"Catalogos en Linea - Catalogos en Li\u00adnea Acme Leon Plasticos\",\"isPartOf\":{\"@id\":\"https:\\\/\\\/acmeleon.com\\\/catalogosenlinea\\\/#website\"},\"datePublished\":\"2022-05-06T18:06:08+00:00\",\"dateModified\":\"2022-06-07T15:31:33+00:00\",\"breadcrumb\":{\"@id\":\"https:\\\/\\\/acmeleon.com\\\/catalogosenlinea\\\/#breadcrumb\"},\"inLanguage\":\"es\",\"potentialAction\":[{\"@type\":\"ReadAction\",\"target\":[\"https:\\\/\\\/acmeleon.com\\\/catalogosenlinea\\\/\"]}]},{\"@type\":\"BreadcrumbList\",\"@id\":\"https:\\\/\\\/acmeleon.com\\\/catalogosenlinea\\\/#breadcrumb\",\"itemListElement\":[{\"@type\":\"ListItem\",\"position\":1,\"name\":\"Home\",\"item\":\"https:\\\/\\\/acmeleon.com\\\/catalogosenlinea\\\/\"},{\"@type\":\"ListItem\",\"position\":2,\"name\":\"Catalogos en Linea\"}]},{\"@type\":\"WebSite\",\"@id\":\"https:\\\/\\\/acmeleon.com\\\/catalogosenlinea\\\/#website\",\"url\":\"https:\\\/\\\/acmeleon.com\\\/catalogosenlinea\\\/\",\"name\":\"Catalogos en Li\u00adnea Acme Leon Plasticos\",\"description\":\"Consulte aqu\u00ed los cat\u00e1logos de nuestros productos\",\"publisher\":{\"@id\":\"https:\\\/\\\/acmeleon.com\\\/catalogosenlinea\\\/#organization\"},\"potentialAction\":[{\"@type\":\"SearchAction\",\"target\":{\"@type\":\"EntryPoint\",\"urlTemplate\":\"https:\\\/\\\/acmeleon.com\\\/catalogosenlinea\\\/?s={search_term_string}\"},\"query-input\":{\"@type\":\"PropertyValueSpecification\",\"valueRequired\":true,\"valueName\":\"search_term_string\"}}],\"inLanguage\":\"es\"},{\"@type\":\"Organization\",\"@id\":\"https:\\\/\\\/acmeleon.com\\\/catalogosenlinea\\\/#organization\",\"name\":\"Acme Leon Plasticos\",\"url\":\"https:\\\/\\\/acmeleon.com\\\/catalogosenlinea\\\/\",\"logo\":{\"@type\":\"ImageObject\",\"inLanguage\":\"es\",\"@id\":\"https:\\\/\\\/acmeleon.com\\\/catalogosenlinea\\\/#\\\/schema\\\/logo\\\/image\\\/\",\"url\":\"https:\\\/\\\/acmeleon.com\\\/catalogosenlinea\\\/wp-content\\\/uploads\\\/2022\\\/05\\\/logo-acme-leon.png\",\"contentUrl\":\"https:\\\/\\\/acmeleon.com\\\/catalogosenlinea\\\/wp-content\\\/uploads\\\/2022\\\/05\\\/logo-acme-leon.png\",\"width\":180,\"height\":85,\"caption\":\"Acme Leon Plasticos\"},\"image\":{\"@id\":\"https:\\\/\\\/acmeleon.com\\\/catalogosenlinea\\\/#\\\/schema\\\/logo\\\/image\\\/\"},\"sameAs\":[\"https:\\\/\\\/www.facebook.com\\\/acmeleon\",\"https:\\\/\\\/x.com\\\/acmeleoncol\",\"https:\\\/\\\/www.youtube.com\\\/channel\\\/UCLppOE0Rus_sVExKsGO1GhQ\",\"https:\\\/\\\/www.instagram.com\\\/acmeleonplasticossas\"]}]}<\/script>\n<!-- \/ Yoast SEO Premium plugin. -->","yoast_head_json":{"title":"Catalogos en Linea - Catalogos en Li\u00adnea Acme Leon Plasticos","robots":{"index":"index","follow":"follow","max-snippet":"max-snippet:-1","max-image-preview":"max-image-preview:large","max-video-preview":"max-video-preview:-1"},"canonical":"https:\/\/acmeleon.com\/catalogosenlinea\/","og_locale":"es_ES","og_type":"article","og_title":"Catalogos en Linea","og_description":"Cat\u00e1logos en L\u00ednea","og_url":"https:\/\/acmeleon.com\/catalogosenlinea\/","og_site_name":"Catalogos en Li\u00adnea Acme Leon Plasticos","article_publisher":"https:\/\/www.facebook.com\/acmeleon","article_modified_time":"2022-06-07T15:31:33+00:00","twitter_card":"summary_large_image","twitter_site":"@acmeleoncol","twitter_misc":{"Tiempo de lectura":"5 minutos"},"schema":{"@context":"https:\/\/schema.org","@graph":[{"@type":"WebPage","@id":"https:\/\/acmeleon.com\/catalogosenlinea\/","url":"https:\/\/acmeleon.com\/catalogosenlinea\/","name":"Catalogos en Linea - Catalogos en Li\u00adnea Acme Leon Plasticos","isPartOf":{"@id":"https:\/\/acmeleon.com\/catalogosenlinea\/#website"},"datePublished":"2022-05-06T18:06:08+00:00","dateModified":"2022-06-07T15:31:33+00:00","breadcrumb":{"@id":"https:\/\/acmeleon.com\/catalogosenlinea\/#breadcrumb"},"inLanguage":"es","potentialAction":[{"@type":"ReadAction","target":["https:\/\/acmeleon.com\/catalogosenlinea\/"]}]},{"@type":"BreadcrumbList","@id":"https:\/\/acmeleon.com\/catalogosenlinea\/#breadcrumb","itemListElement":[{"@type":"ListItem","position":1,"name":"Home","item":"https:\/\/acmeleon.com\/catalogosenlinea\/"},{"@type":"ListItem","position":2,"name":"Catalogos en Linea"}]},{"@type":"WebSite","@id":"https:\/\/acmeleon.com\/catalogosenlinea\/#website","url":"https:\/\/acmeleon.com\/catalogosenlinea\/","name":"Catalogos en Li\u00adnea Acme Leon Plasticos","description":"Consulte aqu\u00ed los cat\u00e1logos de nuestros productos","publisher":{"@id":"https:\/\/acmeleon.com\/catalogosenlinea\/#organization"},"potentialAction":[{"@type":"SearchAction","target":{"@type":"EntryPoint","urlTemplate":"https:\/\/acmeleon.com\/catalogosenlinea\/?s={search_term_string}"},"query-input":{"@type":"PropertyValueSpecification","valueRequired":true,"valueName":"search_term_string"}}],"inLanguage":"es"},{"@type":"Organization","@id":"https:\/\/acmeleon.com\/catalogosenlinea\/#organization","name":"Acme Leon Plasticos","url":"https:\/\/acmeleon.com\/catalogosenlinea\/","logo":{"@type":"ImageObject","inLanguage":"es","@id":"https:\/\/acmeleon.com\/catalogosenlinea\/#\/schema\/logo\/image\/","url":"https:\/\/acmeleon.com\/catalogosenlinea\/wp-content\/uploads\/2022\/05\/logo-acme-leon.png","contentUrl":"https:\/\/acmeleon.com\/catalogosenlinea\/wp-content\/uploads\/2022\/05\/logo-acme-leon.png","width":180,"height":85,"caption":"Acme Leon Plasticos"},"image":{"@id":"https:\/\/acmeleon.com\/catalogosenlinea\/#\/schema\/logo\/image\/"},"sameAs":["https:\/\/www.facebook.com\/acmeleon","https:\/\/x.com\/acmeleoncol","https:\/\/www.youtube.com\/channel\/UCLppOE0Rus_sVExKsGO1GhQ","https:\/\/www.instagram.com\/acmeleonplasticossas"]}]}},"_links":{"self":[{"href":"https:\/\/acmeleon.com\/catalogosenlinea\/wp-json\/wp\/v2\/pages\/10","targetHints":{"allow":["GET"]}}],"collection":[{"href":"https:\/\/acmeleon.com\/catalogosenlinea\/wp-json\/wp\/v2\/pages"}],"about":[{"href":"https:\/\/acmeleon.com\/catalogosenlinea\/wp-json\/wp\/v2\/types\/page"}],"author":[{"embeddable":true,"href":"https:\/\/acmeleon.com\/catalogosenlinea\/wp-json\/wp\/v2\/users\/1"}],"replies":[{"embeddable":true,"href":"https:\/\/acmeleon.com\/catalogosenlinea\/wp-json\/wp\/v2\/comments?post=10"}],"version-history":[{"count":5,"href":"https:\/\/acmeleon.com\/catalogosenlinea\/wp-json\/wp\/v2\/pages\/10\/revisions"}],"predecessor-version":[{"id":192,"href":"https:\/\/acmeleon.com\/catalogosenlinea\/wp-json\/wp\/v2\/pages\/10\/revisions\/192"}],"wp:attachment":[{"href":"https:\/\/acmeleon.com\/catalogosenlinea\/wp-json\/wp\/v2\/media?parent=10"}],"curies":[{"name":"wp","href":"https:\/\/api.w.org\/{rel}","templated":true}]}}